lue of 4359 + -4348 - (-15 + -1 + 1)?
26
Evaluate (-2 - -21) + -21 + 15 + -3.
10
9 + 1 + (-14 + 10 - -2)
8
What is -7 + -15 + (-30 - -48)?
-4
What is the value of -21 + -1 + -22 + (23 - 19 - -13)?
-27
What is the value of (-30 - -19 - 1) + (-7 - 1)?
-20
What is the value of -8 - (7 - 20 - 40 - -9)?
36
What is 13 + -3 + 0 + -14?
-4
-8 + (10 - (7 + 1 + 2 + -7))
-1
1 - 21 - (-2 + -25 - -16)
-9
5 + (-1 - (4 + -4) - (19 + -15))
0
Calculate (16 - 6) + -6 + -2 + -20.
-18
-17 - (12 + 1 - (35 + -29))
-24
Evaluate (2 + 1 - (-27 + 26) - -22) + -8.
18
What is -57 + 58 - ((24 - 1 - -6) + 5)?
-33
Evaluate -1 - (14 - -9) - -10.
-14
26 - (-41 + -27 + 68)
26
Evaluate 0 + 0 + 5 + 18 + 1 + -8.
16
Evaluate 5 - ((-8 - -4) + -1) - -3.
13
Calculate -1 - 3 - (-11 + 4 + 10) - -1.
-6
What is -10 - (-8 + (-18 + 10 - -7))?
-1
What is 15 + -15 + 14 + -6 - (0 - 6)?
14
Evaluate 9 + (7 - (7 + 3)) + 7 + 1.
14
Evaluate (300 + -289 - (1 + 7)) + 20.
23
-4 + (0 - (9 + -5) - -5) - 6
-9
Evaluate (12 - (9 + -7)) + -18 - 1.
-9
Evaluate -1 + 7 - (21 + -35).
20
(-3 - (1 + 12) - 3) + (-22 - -27)
-14
Evaluate 0 + 10 - (-339 + 357) - (-2 + 9).
-15
What is (229 - 228) + -2 + 15?
14
Calculate 3 - (7 - 8) - 5 - (10 + 1).
-12
Calculate -139 + 124 - (-16 + 6).
-5
What is the value of -17 + 12 - (1 + -4) - 1?
-3
Evaluate 0 + -24 - ((-3 - (-9 - -5)) + -6).
-19
-29 + 3 + 16 + 20
10
What is 5 + -19 - (-2 + (4 - 7))?
-9
Evaluate -5 + -7 + -2 + 4 + (43 - 17).
16
What is the value of 0 - (5 + -16 - -9) - (10 + -14)?
6
What is -2 - -10 - (2 + -2 - (-2 + 4))?
10
Calculate -27 + -20 + 24 + 2.
-21
What is the value of (2 - (0 + -7)) + -8 - -5 - 17?
-11
Evaluate 0 + -2 - ((-10 - -13) + 0).
-5
Calculate -6 - (2 - 7) - (-24 - -26).
-3
Evaluate 4 + (-8 - (-42 - -19)).
19
Calculate -23 + (8 - (-10 - -5)).
-10
Evaluate (-3 + 1 - -9) + (-16 - -20).
11
Calculate -28 + (-13 - -26) - (-10 + -1).
-4
What is -551 + 540 + 17 + -1?
5
Calculate 5 + 6 + -11 + 2 + (10 - 4).
8
What is the value of -39 - (-39 - (-17 + 42))?
25
Calculate -229 + 216 + (15 - 0).
2
9 + 11 - (13 - (2 + -1))
8
Evaluate (28 - -27) + -19 + 2 + -6.
32
What is the value of 5 + (8 - 27) + -2 + 8 + -1?
-9
What is (-5 - (21 - 15)) + -2 + 11 - -4?
2
What is the value of 4 - 1 - -6 - 7 - (-3 - 0)?
5
Evaluate (11 + -17 - 5) + 10.
-1
Evaluate -3 + 11 + -2 - (20 + -7 + -5).
-2
What is (-2091 - -2095) + (-18 - -2 - 0)?
-12
(-29 - (3 + -24)) + 5
-3
Calculate (52 - 44) + 22 + 0 + 3.
33
Evaluate -5 + 2 + (-5 - -1) + 6 + 10.
9
What is 16 + (16 - (-16 - -30 - -8))?
10
37 - 30 - (-1 - (-4 - -2))
6
Evaluate 41 + (-41 + 7 - (0 - 17)).
24
What is the value of (8 - -1) + -18 + (3 - (-2 - 6))?
2
What is the value of -7 - 2 - (3 - (20 - 46))?
-38
What is the value of 2 + -25 + 50 - 2?
25
Evaluate (2 + -24 - (76 + -89)) + (-2 - 4).
-15
What is -3 + (-2 - 0 - 2) + 7?
0
What is (7 - 23) + 26 + -20?
-10
What is the value of -14 + 2 + (-13 - -13) - 11?
-23
What is 71 + -69 + -4 + -1?
-3
Calculate 18 + -41 + (3 - -15) - 16.
-21
Calculate 15 - ((10 - (-51 - -7)) + -15).
-24
Evaluate 17 + (72 - 81 - (-16 - 2) - 4).
22
What is -30 - (-41 + (10 - -25))?
-24
Calculate (-4 - -7 - 6) + 4 + -1.
0
What is the value of 7 + -3 + (-3 - (-3 + 10))?
-6
Evaluate (31 - (-2 - (12 + -25))) + -6.
14
(-3 - 8) + 4 + -16 + 6
-17
What is the value of (0 - -2) + 10 + -3 + -26?
-17
-2 + (-5 - -8) + (9 + 6 - 11)
5
What is the value of (-1 + (-4 - 2) - (12 - 14)) + 12?
7
What is -10 + 52 + -30 + 2?
14
-20 + -37 - (-6 - 3) - -15
-33
Evaluate 13 - (38 + -10 + -10).
-5
9 - (-1 + 2 - (14 + 2 - 9))
15
Calculate 215 + -221 - ((-1 - (0 + 3)) + 1).
-3
What is -8 + (9 - 26) + 8?
-17
What is (12 - (-17 - -30 - 0)) + -2 + 0?
-3
What is the value of -4 + (6 - (2 - -6)) - (-14 - 0)?
8
Evaluate -2 - (-1 + -12 - -8 - (-5 - -1)).
-1
Calculate 5 + (7 - 33) - (-10 - -9).
-20
Evaluate (24 - 10 - 33) + 19.
0
1 + -3 + -1 + -4 - 13
-20
What is the value of -10 + 4 + 15 + -7 + 3?
5
Calculate 27 - (-2 + -1 + -75 + 80 - -6).
19
What is 36 + 1 - (-13 + 16 + (0 - 1))?
35
What is -88 - -72 - (1 - -9 - 0)?
-26
9 + 1 + 2 + 109 + -103
18
-11 - (-8 - 1 - (-30 - -28))
-4
What is 14 - (5 - ((-16 - -19) + 1 + -3))?
10
(-17 + (3 - -50) - (5 + 4)) + -9
18
What is the value of -6 - (81 + -89 + (0 - (-3 - 13)))?
-14
Calculate -12 + 25 - (-1 + 8).
6
Evaluate 13 - (-23 - -32) - (2 + (-4 - -1)).
5
What is 1 + (10 - (-5 + 2 + 16))?
-2
What is the value of -398 + 415 - (2 - 0) - 11?
4
Evaluate -6 + (-6 - 0 - (-40 - -23)) - -8.
13
What is (-2 - (7 + -12)) + -10?
-7
What is the value of 3 + (-8 - (2 + -3)) - (-48 + 41)?
3
-11 + 26 - 22 - (-2 - 3)
-2
What is -82 - -66 - (-9 + 0)?
-7
What is 61 - 60 - (2 + -24)?
23
What is the value of 3 + 0 - -3 - (-19 + 53)?
-28
-1 - (-1 + -22 - -16)
6
Evaluate -2 + -29 + 13 + 4.
-14
Calculate 3 + 3 + -4 + -5 + 17.
14
What is the value of 23 - 11 - 24 - 10?
-22
Evaluate -6 + -2 + 14 - (1 + 0 - -13).
-8
Calculate -17 - -43 - (-10 + 19) - -8.
25
What is 4 - (15 - 25) - 7 - -14?
21
Evaluate (116 - 130) + (6 - -1).
-7
Calculate -22 - ((-30 - -19) + 6).
-17
Evaluate -1946 + 1939 + -24 + (0 - -1) + -1.
-31
8 + (26 - 1) + 2 + -6 + -5
24
Evaluate 2 + (-2 - 21 - (11 + -17)).
-15
What is the value of 12 - ((5 - (7 + -7)) + -2)?
9
Evaluate 7 - ((0 - 0) + 29 + -34 + 10).
2
What is the value of -40 + 0 + (4 + -19 - -27)?
-28
Evaluate 1 + 9 - (-3 + 1 - -2).
10
What is the value of (-17 - (-19 + -4)) + -5?
1
13 + 10 + -30 + -11
-18
-2 + (2 - 1) + -68 + 73
4
What is 4 - (43 + -14) - -13 - (-4 - 2)?
-6
-7 - (32 + -12 + -49)
22
-11 + -1 + (-2 + 7 - 4)
-11
Calculate 29 + -9 + -39 + 12.
-7
What is the value of -10 - (5 - 21 - -8) - (-3 + -8)?
9
0 - (-2 + 13 - 4 - (6 - 1))
-2
Calculate -5 - (-12 - -9) - 15 - -3.
-14
What is -4 - ((-5 - -17) + -6 + -8) - -13?
11
Evaluate 5 + (1 - (7 - 5)) + 10 - 4.
10
((12 - -2) + -3 - 3) + -11 + 12
9
Evaluate (-5 - (-18 - 0)) + (3 - 5 - 0).
11
-26 + 53 + (-9 - 0) - 4
14
Calculate -28 - -21 - (-11 + -3).
7
Evaluate -388 - -364 - (-38 + 0).
14
Evaluate -5 + (4 - -7) + 2 - 12.
-4
What is the value of -2 + -2 + -3 + (-4 + 4 - 0)?
-7
Calculate -26 - -4 - (-2 - (1 + 8)) - -1.
-10
-24 + 6 + 1 + 12
-5
What is the value of 3 + (3 - (-1 - 0)) - (21 + -23)?
9
What is 0 - -9 - (24 - 10)?
-5
Evaluate -55 + (23 - (27 + -40)).
-19
What is the value of 2 - (3 - -3 - 1 - (79 - 73))?
3
Evaluate -2 + 3 - ((-31 - -28) + 0 + 1).
3
What is -14 - (-9 + -6) - -2?
3
What is the value of (9 - 10) + 6 - (0 - 1)?
6
What is the value of (-6 + -2 - 0 - -1) + 3 + 0?
-4
What is (-25 - -11) + (4 - -4) - 4?
-10
Evaluate -40 + 59 + (-23 - -2) + 1 + -5.
-6
What is the value of (-49 - -76) + (4 - (16 + -2))?
17
What is the value of 0 + (14 + -7 - 13)?
-6
Evaluate 2 - (-26 + (-17 - -50)).
-5
Calculate -549 - -546 - ((1 - (-2 - -1)) + 3).
-8
What is the value of 3 + (-6 - 11) - 6 - (0 + -5)?
-15
Calculate -5 + (-19 - -30 - (0 - 14)).
20
Evaluate (-3 - -7 - 10 - (-1 - 2)) + 21.
18
What is the value of -2 - 4 - ((3 - 29) + 21 + -18)?
17
Calculate (2 - (5 - -8)) + 2 + 11.
2
What is the value of (-4 - 8 - (-19 - -11)) + 3?
-1
What is 8 + 18 + 9 + -21 - -2?
16
Evaluate (-1 - 4) + (-2 - (5 + -2)).
-10
Calculate -2 + (-6 - 0) + 1 + 14 + -6.
1
What is the value of 17 + -22 + 7 + -12?
-10
Evaluate 1 + (21 - 8) + -20.
-6
Evaluate -3 - (0 + -19 + 17 + -4 + 1).
2
What is the value of -191 + 342 + -146 + 1 + -27 + 1?
-20
What is the value of -5 - (-5 + (4 - -8) + -3)?
-9
Evaluate (15 - -1) + 411 + -430.
-3
What is 21 + 5 - 48 - 6?
-28
Calculate 11 - (0 + -3 + -4 + -16).
34
-1 + -17 + (-6 + -36 - -53)
-7
10 + 1 - (-9 - (11 - (18 - -4)))
9
Calculate (1 + -5 - (18 - 17)) + (-4 - -5).
-4
What is the value of 2 + 12 + -2 + 2 - 3?
11
Evaluate 11 - (-8 + 9 + 2).
8
3 + 9 + (9 - 5)
16
Calculate 7 - 9 - 6 - (-20 - -2).
10
Calculate -136 + 126 + (24 - -2).
16
Calculate 17 + (-26 - -15 - -6).
12
Calculate (-81 - -83 - (6 - 0) - -7) + 3.
6
48 - 9 - 40 - -10
9
Evaluate -5 + (-16 - (-14 - 8)).
1
Calculate (-13 - (17 + -33)) + 14 + 18.
35
Calculate 0 - (-5 - (13 + 2 - (-3 + 4))).
19
Calculate (-36 - -76) + -33 + -40.
-33
Evaluate 1 + -9 + -28 + 1 + 37.
2
Calculate (-2 - -6) + (-1 + 6 + -4 - 6).
-1
What is 11 + (-11 - -15 - 33)?
-18
Evaluate -7 + (13 + (-3 - 7) - -19).
15
Calculate 29 + -16 + (-8 - 6).
-1
Evaluate 140 - 145 - (1 - -3).
-9
What is the value of (40 